{"id":5,"date":"2009-01-21T09:10:42","date_gmt":"2009-01-21T08:10:42","guid":{"rendered":"http:\/\/localhost\/?page_id=4"},"modified":"2010-12-03T13:59:15","modified_gmt":"2010-12-03T12:59:15","slug":"zweite-seite","status":"publish","type":"page","link":"https:\/\/kaiseringenieure.de\/?page_id=5","title":{"rendered":"\u00d6ffentliche Erschlie\u00dfung"},"content":{"rendered":"<p style=\"text-align: left;\"><strong>Kaiser<\/strong>Ingenieure erstellt Erschlie\u00dfungskonzepte sowie die Planung (LP 1-9) von Ingenieurbauwerken (Kan\u00e4le, R\u00fcckhalte- und Behandlungsbauwerke, Regenwasserbewirtschaftung), Verkehrsanlagen und alle landschafts\u2014und gr\u00fcnplanerischen Aufgabenstellungen wie Eingriffs-Ausgleichsbilanzierungen, landschaftspflegerische Begleitpl\u00e4ne, Gr\u00fcnordnungspl\u00e4ne, Begr\u00fcnungspl\u00e4ne<span> <\/span>sowie Gew\u00e4sserausbauten.<\/p>\n\n\t\t\t<div id='5-1' class='gallery gallery-5 gallery-columns-3 gallery-size-thumbnail' itemscope itemtype='http:\/\/schema.org\/ImageGallery'>\n\t\t\t\t<div class='gallery-row gallery-col-3 gallery-clear'>\n\t\t\t\t\t<figure class='gallery-item col-3' itemprop='associatedMedia' itemscope itemtype='http:\/\/schema.org\/ImageObject'>\n\t\t\t\t\t\t<div class='gallery-icon landscape'><a href='https:\/\/kaiseringenieure.de\/wp-content\/uploads\/2009\/01\/05351-6-aufmwettsche-dusseldorf-08-09-05-014.jpg' itemprop=\"contentURL\"><img loading=\"lazy\" decoding=\"async\" width=\"150\" height=\"150\" src=\"https:\/\/kaiseringenieure.de\/wp-content\/uploads\/2009\/01\/05351-6-aufmwettsche-dusseldorf-08-09-05-014-150x150.jpg\" class=\"attachment-thumbnail size-thumbnail\" alt=\"\" itemprop=\"thumbnail\" \/><\/a><\/div>\n\t\t\t\t\t<\/figure>\n\t\t\t\t\t<figure class='gallery-item col-3' itemprop='associatedMedia' itemscope itemtype='http:\/\/schema.org\/ImageObject'>\n\t\t\t\t\t\t<div class='gallery-icon landscape'><a href='https:\/\/kaiseringenieure.de\/wp-content\/uploads\/2009\/01\/05351-6-aufmwettsche-dusseldorf-08-09-05-016.jpg' itemprop=\"contentURL\"><img loading=\"lazy\" decoding=\"async\" width=\"150\" height=\"150\" src=\"https:\/\/kaiseringenieure.de\/wp-content\/uploads\/2009\/01\/05351-6-aufmwettsche-dusseldorf-08-09-05-016-150x150.jpg\" class=\"attachment-thumbnail size-thumbnail\" alt=\"\" itemprop=\"thumbnail\" \/><\/a><\/div>\n\t\t\t\t\t<\/figure>\n\t\t\t\t\t<figure class='gallery-item col-3' itemprop='associatedMedia' itemscope itemtype='http:\/\/schema.org\/ImageObject'>\n\t\t\t\t\t\t<div class='gallery-icon landscape'><a href='https:\/\/kaiseringenieure.de\/wp-content\/uploads\/2009\/01\/09-04-07-aufm-wettsche-05351-027.jpg' itemprop=\"contentURL\"><img loading=\"lazy\" decoding=\"async\" width=\"150\" height=\"150\" src=\"https:\/\/kaiseringenieure.de\/wp-content\/uploads\/2009\/01\/09-04-07-aufm-wettsche-05351-027-150x150.jpg\" class=\"attachment-thumbnail size-thumbnail\" alt=\"\" itemprop=\"thumbnail\" \/><\/a><\/div>\n\t\t\t\t\t<\/figure>\n\t\t\t\t<\/div>\n\t\t\t<\/div><!-- .gallery -->\n\n<p style=\"text-align: left;\">Wir suchen dabei die enge Zusammenarbeit mit unseren Partnern aus Stadtplanung, St\u00e4dtebau und Landschaftsplanung. Mit der fr\u00fchzeitigen Integration der Verkehrs-, Entw\u00e4sserungs- und Gr\u00fcnplanung gelingt es uns, Einsparungen bei Baukosten, Bauzeiten und den in der Folgezeit entstehenden Betriebskosten zu erzielen. Um diese Optimierungspotenziale systematisch auszusch\u00f6pfen, erstellen wir schon im Bebauungsplanverfahren Fachgutachten und Planungskonzepte zur entw\u00e4sserungstechnischen und verkehrlichen Erschlie\u00dfung sowie zur Optimierung von naturschutzrechtlichem Ausgleich und Begr\u00fcnungsplanung.<\/p>\n<p><a href=\"https:\/\/kaiseringenieure.de\/?page_id=316\">&raquo; Referenzen Erschlie\u00dfung<\/a><br \/>\n<a href=\"https:\/\/kaiseringenieure.de\/?page_id=313\">&raquo; Referenzen Bebauungsplan<\/a><br \/>\n<a href=\"https:\/\/kaiseringenieure.de\/?page_id=327\">&raquo; Referenzen Landschaft<\/a><br \/>\n<a href=\"https:\/\/kaiseringenieure.de\/?page_id=307\">&raquo; Referenzen Raum\/Infrastruktur (GIS)<\/a><\/p>\n","protected":false},"excerpt":{"rendered":"<p>KaiserIngenieure erstellt Erschlie\u00dfungskonzepte sowie die Planung (LP 1-9) von Ingenieurbauwerken (Kan\u00e4le, R\u00fcckhalte- und Behandlungsbauwerke, Regenwasserbewirtschaftung), Verkehrsanlagen und alle landschafts\u2014und gr\u00fcnplanerischen Aufgabenstellungen wie Eingriffs-Ausgleichsbilanzierungen, landschaftspflegerische Begleitpl\u00e4ne, Gr\u00fcnordnungspl\u00e4ne, Begr\u00fcnungspl\u00e4ne sowie Gew\u00e4sserausbauten. Wir suchen dabei die enge Zusammenarbeit mit unseren Partnern aus Stadtplanung, St\u00e4dtebau und Landschaftsplanung. Mit der fr\u00fchzeitigen Integration der Verkehrs-, Entw\u00e4sserungs- und Gr\u00fcnplanung gelingt es uns, [&hellip;]<\/p>\n","protected":false},"author":2,"featured_media":0,"parent":0,"menu_order":3,"comment_status":"closed","ping_status":"closed","template":"","meta":{"footnotes":""},"_links":{"self":[{"href":"https:\/\/kaiseringenieure.de\/index.php?rest_route=\/wp\/v2\/pages\/5"}],"collection":[{"href":"https:\/\/kaiseringenieure.de\/index.php?rest_route=\/wp\/v2\/pages"}],"about":[{"href":"https:\/\/kaiseringenieure.de\/index.php?rest_route=\/wp\/v2\/types\/page"}],"author":[{"embeddable":true,"href":"https:\/\/kaiseringenieure.de\/index.php?rest_route=\/wp\/v2\/users\/2"}],"replies":[{"embeddable":true,"href":"https:\/\/kaiseringenieure.de\/index.php?rest_route=%2Fwp%2Fv2%2Fcomments&post=5"}],"version-history":[{"count":9,"href":"https:\/\/kaiseringenieure.de\/index.php?rest_route=\/wp\/v2\/pages\/5\/revisions"}],"predecessor-version":[{"id":633,"href":"https:\/\/kaiseringenieure.de\/index.php?rest_route=\/wp\/v2\/pages\/5\/revisions\/633"}],"wp:attachment":[{"href":"https:\/\/kaiseringenieure.de\/index.php?rest_route=%2Fwp%2Fv2%2Fmedia&parent=5"}],"curies":[{"name":"wp","href":"https:\/\/api.w.org\/{rel}","templated":true}]}}