{"id":361,"date":"2009-12-10T12:59:35","date_gmt":"2009-12-10T11:59:35","guid":{"rendered":"http:\/\/www.hanseart.de\/test\/?page_id=361"},"modified":"2021-05-27T10:28:57","modified_gmt":"2021-05-27T09:28:57","slug":"2000-2","status":"publish","type":"page","link":"https:\/\/kaiseringenieure.de\/?page_id=361","title":{"rendered":"2000"},"content":{"rendered":"<ul style=\"text-align: left;\">\n<li>KAISER, M. (2000): Naturnahe Regenwasserbewirtschaftung &#8211; Hinweise zum Erhalt und zur Entwicklung der Regenerationspotentiale; in: Fachzeitschrift Entsorgungspraxis 11\/2000, S. 43 \u2013 47, Wiesbaden<\/li>\n<li>KAISER, M. (2000): Ergebnisse der Abkoppelung versiegelter Fl\u00e4chen vom Kanalnetz in bestehenden Siedlungsgebieten des Ruhrgebietes als Strategien f\u00fcr alternative Sanierung hydraulisch \u00fcberbelasteter Mischwassersysteme; in: Fachzeitschrift Entsorgungspraxis 9\/2000, S. 49-55, Wiesbaden<\/li>\n<\/ul>\n","protected":false},"excerpt":{"rendered":"<p>KAISER, M. (2000): Naturnahe Regenwasserbewirtschaftung &#8211; Hinweise zum Erhalt und zur Entwicklung der Regenerationspotentiale; in: Fachzeitschrift Entsorgungspraxis 11\/2000, S. 43 \u2013 47, Wiesbaden KAISER, M. (2000): Ergebnisse der Abkoppelung versiegelter Fl\u00e4chen vom Kanalnetz in bestehenden Siedlungsgebieten des Ruhrgebietes als Strategien f\u00fcr alternative Sanierung hydraulisch \u00fcberbelasteter Mischwassersysteme; in: Fachzeitschrift Entsorgungspraxis 9\/2000, S. 49-55, Wiesbaden<\/p>\n","protected":false},"author":2,"featured_media":0,"parent":98,"menu_order":38,"comment_status":"open","ping_status":"closed","template":"","meta":{"footnotes":""},"_links":{"self":[{"href":"https:\/\/kaiseringenieure.de\/index.php?rest_route=\/wp\/v2\/pages\/361"}],"collection":[{"href":"https:\/\/kaiseringenieure.de\/index.php?rest_route=\/wp\/v2\/pages"}],"about":[{"href":"https:\/\/kaiseringenieure.de\/index.php?rest_route=\/wp\/v2\/types\/page"}],"author":[{"embeddable":true,"href":"https:\/\/kaiseringenieure.de\/index.php?rest_route=\/wp\/v2\/users\/2"}],"replies":[{"embeddable":true,"href":"https:\/\/kaiseringenieure.de\/index.php?rest_route=%2Fwp%2Fv2%2Fcomments&post=361"}],"version-history":[{"count":1,"href":"https:\/\/kaiseringenieure.de\/index.php?rest_route=\/wp\/v2\/pages\/361\/revisions"}],"predecessor-version":[{"id":831,"href":"https:\/\/kaiseringenieure.de\/index.php?rest_route=\/wp\/v2\/pages\/361\/revisions\/831"}],"up":[{"embeddable":true,"href":"https:\/\/kaiseringenieure.de\/index.php?rest_route=\/wp\/v2\/pages\/98"}],"wp:attachment":[{"href":"https:\/\/kaiseringenieure.de\/index.php?rest_route=%2Fwp%2Fv2%2Fmedia&parent=361"}],"curies":[{"name":"wp","href":"https:\/\/api.w.org\/{rel}","templated":true}]}}