{"id":31,"date":"2009-02-20T13:51:00","date_gmt":"2009-02-20T12:51:00","guid":{"rendered":"http:\/\/www.hanseart.de\/test\/?page_id=31"},"modified":"2025-11-20T10:53:41","modified_gmt":"2025-11-20T09:53:41","slug":"startseite","status":"publish","type":"page","link":"https:\/\/kaiseringenieure.de\/","title":{"rendered":"Startseite"},"content":{"rendered":"<p class=\"p1\"><span class=\"s1\" style=\"color: #333333;\">Aus <strong>Kaiser<\/strong>Ingenieure wird <strong>Kaiser<\/strong>Consulting<\/span><\/p>\n<p class=\"p1\"><span style=\"color: #333333;\"><span class=\"s1\">Nach mehr als 30-j\u00e4hriger T\u00e4tigkeit als Inhaber und Gesch\u00e4ftsf\u00fchrer meines Planungs- und Ingenieurb\u00fcros habe ich mich im Sommer 2025 neu orientiert.<\/span><span class=\"s1\">\u00a0<\/span><\/span><\/p>\n<p class=\"p1\"><span class=\"s1\" style=\"color: #333333;\">Neben meiner T\u00e4tigkeit an der <a href=\"https:\/\/res.raumplanung.tu-dortmund.de\/team\/abteilungsleitung\/mathias-kaiser\/\" target=\"_blank\" rel=\"noopener\">tu dortmund<\/a> werde ich weiterhin Aufgaben in den Bereichen Erschlie\u00dfungs- und Entw\u00e4sserungsplanung sowie Wassersensible Stadt- und Grundst\u00fccksentwicklung wahrnehmen. Dabei werde ich mich in Zukunft auf konzeptionelle und vermittelnde Beratung konzentrieren und meine Partner bei der Entwicklung synergetischer und nachhaltiger Planungsl\u00f6sungen unterst\u00fctzen.<\/span><\/p>\n<p><span style=\"color: #333333;\">Ich freue mich auf die Herausforderungen der Zukunft.<\/span><\/p>\n<p><span style=\"color: #333333;\">Prof. Dr. Ing. Mathias Kaiser<\/span><\/p>\n<hr \/>\n<p style=\"text-align: left;\">Die Erschlie\u00dfung einer Fl\u00e4che verlangt konzeptionelles Denken und Erfahrung. Der Umgang mit Wasser erfordert das Verst\u00e4ndnis der Kreisl\u00e4ufe. Die Bewahrung der Umwelt ben\u00f6tigt den Blick f\u00fcr das Ganze.<\/p>\n<p style=\"text-align: left;\">Das interdisziplin\u00e4re Team von <strong>Kaiser<\/strong>Ingenieure, bestehend aus Bauingenieuren, Landschaftsarchitekten, Stadtplanern und technischen Mitarbeitern, erarbeitet seit 1994 Erschlie\u00dfungs- und Bewirtschaftungsl\u00f6sungen f\u00fcr Kunden aller Branchen und Gr\u00f6\u00dfen. Mehr als 750 Projekte wurden bereits erfolgreich abgewickelt.<\/p>\n<p style=\"text-align: left;\">Moderne Planungswerkzeuge wie Geografische Informationssysteme (GIS), Simulationsprogramme und CAD-Anwendungen erm\u00f6glichen uns eine innovative und effiziente Arbeitsweise. Die enge Abstimmung mit unseren Auftraggebern und die aufgabenspezifische Kooperation mit unseren Planungspartnern sichern eine hohe Qualit\u00e4t unserer Planungs- und Beratungsleistungen.<\/p>\n<p style=\"text-align: left;\">Mutig, innovativ und ganzheitlich erstellen wir Konzepte und Planungen in den Bereichen<\/p>\n<p style=\"text-align: left;\"><a href=\"?page_id=5\">\u00d6ffentliche Erschlie\u00dfung (Kanal-, Stra\u00dfen- und Landschaftsplanung)<\/a><br \/>\n<a href=\"?page_id=4\">Private Erschlie\u00dfung (Au\u00dfenanlagen, Verkehrsanlagen, Grundst\u00fccksentw\u00e4sserung, Ver- und Entsorgung)<\/a><br \/>\n<a href=\"?page_id=14\">Regenwasserbewirtschaftung<\/a><br \/>\n<a href=\"?page_id=221\">\u00dcberflutungsschutz<\/a><br \/>\n<a href=\"?page_id=227\">Geo-Hydrologische Gutachten<\/a><\/p>\n","protected":false},"excerpt":{"rendered":"<p>Aus KaiserIngenieure wird KaiserConsulting Nach mehr als 30-j\u00e4hriger T\u00e4tigkeit als Inhaber und Gesch\u00e4ftsf\u00fchrer meines Planungs- und Ingenieurb\u00fcros habe ich mich im Sommer 2025 neu orientiert.\u00a0 Neben meiner T\u00e4tigkeit an der tu dortmund werde ich weiterhin Aufgaben in den Bereichen Erschlie\u00dfungs- und Entw\u00e4sserungsplanung sowie Wassersensible Stadt- und Grundst\u00fccksentwicklung wahrnehmen. Dabei werde ich mich in Zukunft auf [&hellip;]<\/p>\n","protected":false},"author":2,"featured_media":0,"parent":0,"menu_order":1,"comment_status":"closed","ping_status":"closed","template":"","meta":{"footnotes":""},"_links":{"self":[{"href":"https:\/\/kaiseringenieure.de\/index.php?rest_route=\/wp\/v2\/pages\/31"}],"collection":[{"href":"https:\/\/kaiseringenieure.de\/index.php?rest_route=\/wp\/v2\/pages"}],"about":[{"href":"https:\/\/kaiseringenieure.de\/index.php?rest_route=\/wp\/v2\/types\/page"}],"author":[{"embeddable":true,"href":"https:\/\/kaiseringenieure.de\/index.php?rest_route=\/wp\/v2\/users\/2"}],"replies":[{"embeddable":true,"href":"https:\/\/kaiseringenieure.de\/index.php?rest_route=%2Fwp%2Fv2%2Fcomments&post=31"}],"version-history":[{"count":8,"href":"https:\/\/kaiseringenieure.de\/index.php?rest_route=\/wp\/v2\/pages\/31\/revisions"}],"predecessor-version":[{"id":1058,"href":"https:\/\/kaiseringenieure.de\/index.php?rest_route=\/wp\/v2\/pages\/31\/revisions\/1058"}],"wp:attachment":[{"href":"https:\/\/kaiseringenieure.de\/index.php?rest_route=%2Fwp%2Fv2%2Fmedia&parent=31"}],"curies":[{"name":"wp","href":"https:\/\/api.w.org\/{rel}","templated":true}]}}